1 a multiple of 43?
True
Is 179757286 a multiple of 34?
True
Is 29622186 a multiple of 1782?
True
Is 1671292534 a multiple of 26?
False
Is 227002256 a multiple of 208?
True
Does 69 divide 439802274?
True
Is 36869775 a multiple of 1756?
False
Does 2 divide 113081159?
False
Does 3330 divide 1785689140?
False
Is 184 a factor of 96837912?
True
Is 10102538 a multiple of 387?
False
Does 419 divide 215830671?
True
Does 6 divide 30636671?
False
Is 4573 a factor of 244249656?
False
Does 176 divide 262084064?
True
Does 11 divide 157116663?
True
Is 7 a factor of 8203342?
True
Is 192502920 a multiple of 15?
True
Does 6 divide 9387511?
False
Is 2114 a factor of 58699438?
True
Is 94 a factor of 27166940?
True
Does 77 divide 207172285?
False
Is 30 a factor of 40583220?
True
Is 5 a factor of 22502141?
False
Is 30 a factor of 20420070?
True
Is 345 a factor of 31644780?
True
Is 620 a factor of 55788840?
True
Does 1411 divide 230486850?
True
Does 2743 divide 681222393?
False
Is 1919079764 a multiple of 179?
True
Is 1298 a factor of 28862328?
True
Is 30 a factor of 93128293?
False
Is 575 a factor of 274664208?
False
Is 13 a factor of 3498384552?
True
Is 1269376406 a multiple of 1658?
True
Is 355756249 a multiple of 12?
False
Is 1000188 a multiple of 1180?
False
Is 1302 a factor of 16496340?
True
Is 1197792039 a multiple of 47?
True
Does 105 divide 5461995?
True
Is 84507891 a multiple of 39?
True
Is 1855386168 a multiple of 32?
False
Does 8440 divide 670119120?
True
Is 3015779341 a multiple of 956?
False
Is 170989820 a multiple of 92?
True
Does 697 divide 13083387?
True
Is 579758678 a multiple of 180?
False
Does 2 divide 1688434?
True
Does 23 divide 55119?
False
Does 8183 divide 1644957985?
False
Does 1818 divide 88519653?
False
Is 234946855 a multiple of 55?
True
Is 174511527 a multiple of 22?
False
Is 14 a factor of 46998190?
False
Is 1989087692 a multiple of 12?
False
Is 20115905 a multiple of 675?
False
Is 599 a factor of 4068572735?
False
Is 3 a factor of 448165268?
False
Is 111642538 a multiple of 2605?
False
Is 72511020 a multiple of 145?
True
Is 4783 a factor of 382640?
True
Does 58 divide 306721748?
True
Does 280 divide 2221697800?
True
Is 820271348 a multiple of 89?
True
Does 36 divide 589486?
False
Is 180 a factor of 39936240?
True
Does 59 divide 357470203?
True
Is 1084767110 a multiple of 119?
True
Is 193 a factor of 75694793?
True
Is 11 a factor of 2128866?
False
Does 609 divide 72257241?
True
Is 49402437 a multiple of 879?
True
Is 434 a factor of 45397941?
False
Is 4806205 a multiple of 389?
False
Is 416 a factor of 12708800?
True
Is 26 a factor of 28836968?
False
Is 2324883246 a multiple of 3434?
True
Is 514100492 a multiple of 129?
False
Is 472 a factor of 438551720?
True
Is 717 a factor of 610233155?
False
Is 67 a factor of 112925753?
True
Is 7 a factor of 9493869?
True
Is 32458118 a multiple of 77?
True
Is 6477130560 a multiple of 12595?
False
Is 18 a factor of 14710543?
False
Is 231322697 a multiple of 431?
False
Is 21 a factor of 213360039?
False
Is 37 a factor of 30219602?
True
Does 1645 divide 60134620?
True
Is 116489193 a multiple of 10?
False
Is 6 a factor of 57287995?
False
Is 41 a factor of 105607359?
False
Is 9768195 a multiple of 9?
True
Does 2269 divide 385403264?
True
Does 950 divide 32805805?
False
Is 44 a factor of 21305416?
True
Does 21 divide 28266?
True
Does 767 divide 29457402?
True
Is 186 a factor of 6072543?
False
Is 156229480 a multiple of 40?
True
Is 257524605 a multiple of 214?
False
Is 21 a factor of 1702409354?
False
Does 64 divide 12633623?
False
Does 551 divide 71058062?
True
Is 19 a factor of 229955727?
True
Does 19 divide 421420257?
False
Is 99635500 a multiple of 2239?
True
Does 17 divide 92278108?
True
Is 252 a factor of 30250560?
False
Does 10 divide 161038390?
True
Does 264 divide 77416416?
True
Is 1569 a factor of 46878582?
True
Does 11 divide 101616703?
False
Is 32 a factor of 39830547?
False
Is 45 a factor of 15394906?
False
Is 31 a factor of 244255290?
False
Does 975 divide 128131575?
True
Does 7 divide 1804668?
False
Is 782194211 a multiple of 204?
False
Is 25 a factor of 77838398?
False
Is 939 a factor of 232509546?
True
Does 1977 divide 477299643?
False
Is 163329287 a multiple of 59?
True
Does 1239 divide 384626487?
True
Is 1462695069 a multiple of 209?
True
Is 30803626 a multiple of 14?
True
Is 1290765 a multiple of 95?
True
Is 70480956 a multiple of 6916?
True
Is 235032711 a multiple of 3?
True
Is 1330 a factor of 57406663?
False
Is 20553045 a multiple of 635?
True
Does 30 divide 21649800?
True
Does 457 divide 148929445?
True
Is 763871922 a multiple of 22?
True
Is 72637103 a multiple of 553?
True
Is 29431356 a multiple of 83?
False
Is 336225040 a multiple of 230?
True
Does 84 divide 372377744?
False
Does 205 divide 2592895?
False
Is 213 a factor of 64393207?
False
Is 10 a factor of 30230340?
True
Is 254 a factor of 101493614?
False
Does 345 divide 31410841?
False
Is 9 a factor of 17083143?
True
Is 108 a factor of 402534576?
True
Is 1341707537 a multiple of 108?
False
Does 4 divide 592250946?
False
Does 58 divide 100430722?
False
Is 46 a factor of 690046000?
True
Does 40 divide 41765000?
True
Is 5 a factor of 9543825?
True
Does 971 divide 55433199?
False
Is 1995 a factor of 687814889?
False
Is 154 a factor of 74363792?
False
Does 2309 divide 612767527?
False
Is 1301 a factor of 274256004?
True
Does 1005 divide 287828985?
True
Is 106 a factor of 15002994?
False
Is 153 a factor of 50142537?
True
Is 24115750 a multiple of 688?
False
Is 111 a factor of 6107382?
False
Is 10 a factor of 6569910?
True
Is 1064497168 a multiple of 207?
False
Is 66 a factor of 29449861?
False
Is 66549853 a multiple of 4166?
False
Is 704 a factor of 503827456?
True
Does 494 divide 18190782?
False
Is 2068 a factor of 1336730384?
True
Does 16 divide 99832400?
True
Is 9643743 a multiple of 153?
True
Does 51 divide 102219912?
True
Is 1982 a factor of 4571042996?
True
Does 1637 divide 36212077?
True
Does 310 divide 50162650?
True
Is 118066761 a multiple of 27?
True
Is 11 a factor of 3288557784?
False
Is 4781 a factor of 1123414411?
False
Is 29 a factor of 840105?
False
Does 118 divide 1058419526?
True
Is 61629854 a multiple of 22?
True
Does 53 divide 68937259?
True
Is 42599106 a multiple of 549?
True
Does 1519 divide 524284369?
True
Is 107 a factor of 1264596514?
False
Is 23711145 a multiple of 57?
True
Is 73138405 a multiple of 6?
False
Is 23432480 a multiple of 16?
True
Is 128702196 a multiple of 460?
False
Is 356372290 a multiple of 10?
True
Is 20 a factor of 80763680?
True
Is 29099022 a multiple of 58?
False
Does 1093 divide 59613950?
False
Does 289 divide 40408558?
True
Is 3122741539 a multiple of 15?
False
Is 65 a factor of 1357953186?
False
Is 30311976 a multiple of 617?
True
Is 99 a factor of 244298340?
True
Is 181 a factor of 30799865?
True
Is 2062089673 a multiple of 4670?
False
Is 703559378 a multiple of 149?
False
Is 330737013 a multiple of 341?
False
Does 667 divide 565111081?
True
Is 263 a factor of 332192144?
True
Does 182 divide 11552750?
False
Is 414058390 a multiple of 8?
False
Does 73 divide 34734291?
False
Is 17340666 a multiple of 609?
True
Is 123356556 a multiple of 706?
True
Is 138194423 a multiple of 6?
False
Is 15 a factor of 173148668?
False
Is 244 a factor of 29041124?
True
Is 453 a factor of 101924856?
False
Is 3696514 a multiple of 782?
True
Does 56 divide 14447210?
False
Is 1589 a factor of 32005954?
False
Is 3719 a factor of 1508378053?
True
Does 103 divide 38458655?
True
Does 369 divide 304522416?
True
Does 30 divide 92319203?
False
Does 980 divide 26038600?
True
Is 241406613 a multiple of 1216?
False
Is 46 a factor of 937456092?
False
Does 46 divide 11746008?
True
Is 10 a factor of 334292000?
True
Is 11691236 a multiple of 15?
False
Does 13 divide 13467686?
False
Does 362 divide 74497790?
True
Is 175 a factor of 63192325?
True
Is 3050 a factor of 869463029?
False
Is 2517536216 a multiple of 842?
True
Is 30 a factor of 449997207?
False
Is 7034124 a multiple of 29?
True
Is 615013612 a multiple of 1927?
True
Is 747025900 a multiple of 15?
False
Is 8 a factor of 1276856806?
False
Is 8 a factor of 100574600?
True
Is 291 a factor of 61446396?
True
Does 301 divide 145850453?
True
Is 3107504 a multiple of 359